 be ((-74)/3)/(-2)*-6. Let g = -44 - d. What is the remainder when g is divided by 16?
14
Let n = -2 + 2. Suppose 4*u + 2*w = 20, -5*w + n + 11 = -3*u. Calculate the remainder when 6 is divided by u.
0
Let f(z) = -z - 7. What is the remainder when 8 is divided by f(-11)?
0
Let z be 3/12 + (-53)/4. Let o = z + 19. Let k = 11 + -1. What is the remainder when k is divided by o?
4
Suppose -2*z = z - 15. Calculate the remainder when z is divided by 3.
2
Let y(o) = 2*o - 12. Let r be y(6). Suppose r = -4*k + 11 + 97. Calculate the remainder when 105 is divided by k.
24
Let k(z) be the second derivative of z**4/6 - 2*z**2 + 3*z. Calculate the remainder when 13 is divided by k(2).
1
Let r be 1*20*(5 - 259/35). Let m(a) = 3*a**2 - 2*a + 1. Let h be m(-5). Let z = r + h. What is the remainder when z is divided by 13?
12
Let v = -10 + 20. Calculate the remainder when v is divided by 6.
4
Let k = -77 + 86. Calculate the remainder when 30 is divided by k.
3
Suppose -3*n = -6*n + 5*k - 13, 3*n + 15 = 3*k. Suppose 3*h + 6 - 15 = 0. What is the remainder when (-34)/n + 4/(-6) is divided by h?
2
Let z(m) = -m**3 - 5*m**2 - 4*m + 5. Suppose -2*g + 8 = -4*g. What is the remainder when (216/45)/((-2)/(-5)) is divided by z(g)?
2
Let g(y) = y**2 - 8*y - 10. Suppose -4*m = -6*m + 8. Calculate the remainder when g(10) is divided by m.
2
Let d = 0 + 0. Suppose d = 5*m - y - 5, -5*m + 0*y - 4*y = -30. Calculate the remainder when 5 is divided by m.
1
Suppose 2*h + 67 = y - 25, -y = 3*h - 82. Calculate the remainder when y is divided by 18.
16
Suppose 3*q + x - 128 = 5*x, -q - x = -38. Let f = -10 - -14. Suppose 2*l - 3*v + 7*v = 48, f*l - 36 = 4*v. Calculate the remainder when q is divided by l.
12
Let a be 0 + 31 + (1 - 3). Suppose 0 = 4*g - l - 53, 2*g - l - a = -0*l. Calculate the remainder when g is divided by 7.
5
Suppose -13 + 1 = -3*i. Suppose i*z - 60 = -z. Suppose p - 5 = z. Calculate the remainder when p is divided by 6.
5
Suppose -4*w + 48 = -w. Suppose 2*a + g - 130 = -g, 0 = -5*g + 15. Calculate the remainder when a is divided by w.
14
Let m = 40 + -7. What is the remainder when m is divided by (-8)/12 + 38/3?
9
Let x = 6 - -1. Suppose -3*o = 2 + x. Let r = 6 - o. Calculate the remainder when 25 is divided by r.
7
Let q(s) = 5*s + 4. Let v be q(-5). Let z be (-7)/((2 + -3)*1). Let k = z - v. Calculate the remainder when k is divided by 10.
8
Let c(d) = 6*d**2 - 3*d + 8. Let w be c(8). Suppose q - w = -3*q. Calculate the remainder when (-1)/(-2)*q/2 is divided by 13.
10
Suppose 5*h = -4*n + 2 + 72, -50 = -3*h - n. Suppose 0 = -5*j + 68 + 32. Calculate the remainder when j is divided by 21/2 - (-9)/h.
9
Let x(m) = -2*m - 2. Let n be x(-2). Suppose -86 = -w + n*b - 21, 5*b + 10 = 0. What is the remainder when w is divided by 16?
13
Let x = 21 + -6. Let b be 2/(-5) - (-6)/x. Suppose 6*v - 3*v + 76 = 2*c, 2*c + v - 60 = b. Calculate the remainder when c is divided by 11.
10
Let v(x) = -x**2 + x + 43. Let f(a) = a - 6. Let b be f(6). Calculate the remainder when v(b) is divided by 11.
10
Let a(t) = 9*t**2 - t - 1. Let l be a(-1). Let v = 19 - l. Calculate the remainder when 37 is divided by v.
7
Suppose 2*m + 28 = 88. What is the remainder when 117 is divided by m?
27
Suppose 13 - 105 = -4*b. Suppose -3*o = 43 + b. What is the remainder when 11 is divided by (-84)/o - (-2)/11?
3
Calculate the remainder when (-5 + 8/2 - -14)*5 is divided by 34.
31
Suppose -26 - 18 = -4*m. What is the remainder when m is divided by 6?
5
Let x = 106 + -83. Calculate the remainder when 158 is divided by x.
20
Let a(p) = p + 8. Let l be a(6). Let u = -1 + l. What is the remainder when 49 is divided by u?
10
Suppose 3*a - 3 = 3. Calculate the remainder when 16 + a*-3 + 3 is divided by 8.
5
Suppose -2*m + 12 = 2*v, 4*v - 13 + 1 = -m. What is the remainder when m is divided by 2?
0
Suppose 0 = -4*m + 2*q + 90, q + 3*q = -3*m + 84. Suppose -3*i - 39 = -0*i. Calculate the remainder when m is divided by (i/(-1))/((-1)/(-1)).
11
Let f(r) = r**2 + 2*r - 1. Calculate the remainder when f(-6) is divided by 12.
11
Let w = -4 + 6. Suppose 0 = -4*j - 12, j = -4*u + 4 - 3. Calculate the remainder when (-2)/8*(-8)/w is divided by u.
0
Let d = 29 - -9. Calculate the remainder when d is divided by (-30)/(-10) + 10*1.
12
Suppose 0 = -3*m - 9, 5*i + 5 = 4*m + 52. Let w = -7 - 22. Let o = w - -41. What is the remainder when o is divided by i?
5
What is the remainder when (-435)/(-9) - 3/9 is divided by 25?
23
Calculate the remainder when 35 is divided by -19*1*(-1 - 0).
16
Let v(g) = g**2 - 13*g + 15. Let n be v(12). Suppose 5*l + 15 = 0, -2*l - n*l - 42 = -3*o. What is the remainder when o is divided by 6?
3
Suppose 2*m + 4*q + 20 = 6*m, -3*m - 5*q + 39 = 0. Calculate the remainder when 19 is divided by m.
3
Suppose 0 = -2*y + 4*w + 17 + 11, -2*y + 21 = 3*w. Suppose 4*u + 58 = 3*z, -5 = -u - 3. Calculate the remainder when z is divided by y.
10
Suppose -84 = -0*d + 3*d. Suppose -2 = -b + 1. Calculate the remainder when ((-1)/(-2))/((-2)/d) is divided by b.
1
Let w = -3 + 6. Let o(j) = -j - 4*j**2 + 2*j**w + 3*j**2 + 0*j**3 - 4*j**3. Calculate the remainder when o(-2) is divided by 5.
4
Suppose -6 = -i + 5*k - 2*k, 0 = 4*k + 16. Let j(y) = -y + 5. Calculate the remainder when j(i) is divided by 7.
4
Let q be 6/(-10) + 36/(-15). Let b = q - -4. Suppose 2*k = -b + 29. Calculate the remainder when 26 is divided by k.
12
Let r = 2 + 1. Suppose -d + 3*o + 6 + 11 = 0, r*d = -2*o - 4. Suppose 5*j = 5, 0 = 3*b + 2*j - j - 13. What is the remainder when b is divided by d?
0
Let z be -2*(-33)/(-1 + 4). Let j be (-1 - (-2 - -2))*-7. Let s = z + j. Calculate the remainder when s is divided by 10.
9
Let f(m) = -m**3 - 4*m**2 + 7*m + 4. Calculate the remainder when 69 + -6*1/(-2) + -7 is divided by f(-6).
31
Let m = 2 + -12. Let d = m - -25. What is the remainder when d is divided by 8?
7
Let c(g) = -5*g. Let m be c(-1). Suppose 5 = 2*f + w, f - 6 = m*w + 2. Calculate the remainder when 9 is divided by f.
0
Suppose 0 = 3*j - 52 - 107. What is the remainder when j is divided by 14?
11
Let n(v) = 13*v + 7. Let m be n(5). Let d = m - 45. Calculate the remainder when d is divided by (-200)/(-14) - 4/14.
13
Suppose -3*k + 8*k - i = -71, 5*k = 2*i - 72. Let x be 3164/(-49) - (-6)/k. Let w = x - -94. What is the remainder when 56 is divided by w?
27
Let f(j) = 29*j**2 + 3. Let y be f(-3). Let h = y + -180. Suppose 2*r - h = -2*r. Calculate the remainder when r is divided by 11.
10
Let f = 5 - -19. What is the remainder when 44 is divided by f?
20
What is the remainder when 117 is divided by (-1904)/(-63) + (-2)/9?
27
Suppose 3*d + 3 = 24. Calculate the remainder when -3 + (2 - 2) - (-6 - 15) is divided by d.
4
Let a(x) = 3*x - 1. Suppose -2*b = b - 9. Calculate the remainder when 46 is divided by a(b).
6
Suppose 0 = -2*g - 2*g + 100. What is the remainder when g is divided by (14 + 0)/((-4)/28*-7)?
11
Let f(u) = 2*u**2 + u. Let q = -201 - -238. Calculate the remainder when q is divided by f(2).
7
Let u(j) = -j**2 + 6*j + 2. Let q be u(6). Let f = q + -8. What is the remainder when 8 is divided by (1/2)/((-1)/f)?
2
Suppose -4*w + 20 = -0*w. Suppose -w*g + 99 = -71. What is the remainder when g is divided by 12?
10
Suppose -2*q + 14 = 4*z, -2*z = -q - z + 4. Calculate the remainder when 21 is divided by q.
1
Suppose q + 23 = 5*d, -2*q + 0*d - 6 = -2*d. Suppose -4*x - 19 = -k, -5*x + 91 = k + q*k. What is the remainder when k is divided by 15?
12
Calculate the remainder when 99 is divided by (-847)/(-35) + (-4)/(-5).
24
Let s(f) = -f**2 + 23*f - 8. Calculate the remainder when 61 is divided by s(22).
5
Let m be (4 - 9)*(-6)/(-10). Calculate the remainder when 17 is divided by (36/m)/(-2) + -1.
2
Suppose -5*n - 66 = -261. Calculate the remainder when n is divided by 8.
7
Let h be ((-1)/(-2))/((-1)/4). Suppose 8*g - 13*g - 2*f + 50 = 0, -3*g - 3*f = -21. Calculate the remainder when 1*h*(-69)/6 is divided by g.
11
Let r(d) = -4*d**2 - 8*d - 1. Let m(g) = -11*g**2 - 23*g - 3. Let s(k) = 6*m(k) - 17*r(k). Calculate the remainder when 31 is divided by s(-2).
9
Let q = 167 + -86. Calculate the remainder when q is divided by 28.
25
Calculate the remainder when 42/(-8)*(-8)/3 is divided by 5.
4
Suppose -27 = -4*f + 29. Let a(s) =